y j?
12
Let c be 42/(-4) - (-3 - (-15)/6). Suppose 0 = 5*b + 5*x - 105, -49 = -2*b + 2*x - 7. What is the remainder when 4*c/(-6)*6 is divided by b?
19
Suppose -79 = -z - 0*i - 5*i, 218 = 3*z - 4*i. What is the remainder when z is divided by 25?
24
Let o = 86 + -65. What is the remainder when 9 is divided by (-2)/8 + o/4?
4
Suppose -9*q - 100 = -4*q - 5*l, 2*q = 5*l - 52. Let b(s) = s. Let t(h) = 2*h - 1. Let a(o) = -3*b(o) + t(o). What is the remainder when a(q) is divided by 9?
6
Suppose -q + 60 = 2*q. Suppose 0 = 8*m + 2*m. Suppose 0 = 4*g - m*g - q. Calculate the remainder when g is divided by 2.
1
Suppose 0 = -o + 61 - 10. What is the remainder when o is divided by 1 - (15 + -8 + -15)?
6
Suppose 4*f = 29 + 7. Suppose -3*d + 49 = -2. Suppose d*i = 13*i + 104. What is the remainder when i is divided by f?
8
Let g = 137 - 50. Let t be ((-4)/(-5))/((-4)/(-190)). Let o = g - t. What is the remainder when o is divided by 13?
10
Let l(a) = 11*a - 1 - 4*a**2 + 16*a**2 + 0*a**2. Calculate the remainder when 46 is divided by l(-2).
21
Let a(y) = 2*y - 10. Suppose -5*u + 15 = 4*p - 6, 4*u = -12. Calculate the remainder when 19 is divided by a(p).
3
Let d = 404 + -288. Suppose 0 = -5*t + 561 - d. Calculate the remainder when t is divided by 18.
17
Suppose -n + 2*n = 4*s + 3, -5*n + 2*s + 15 = 0. What is the remainder when 10 is divided by n?
1
What is the remainder when 515 is divided by (-25245)/(-675) + (-2)/5?
34
Let c = 31 - 18. Suppose 2*u = -w + 11, -2*w - 25 = -4*u - 79. What is the remainder when w is divided by c?
6
What is the remainder when (1 - (-1 - 246)) + (19 - 16) is divided by 12?
11
Suppose 69*w - 5*w - 17280 = 0. What is the remainder when w is divided by 39?
36
Suppose 5*b - 1268 = 3*b + 2*f, b + 2*f = 637. What is the remainder when b is divided by 32?
27
Suppose 4*i + 57*d - 188 = 60*d, -2*d + 108 = 2*i. Calculate the remainder when i is divided by 9.
5
Let i = -250 + 571. What is the remainder when i is divided by 65?
61
Suppose -4*b + 149 = 93. What is the remainder when 94 is divided by b?
10
Suppose -3*f = 2*v - 18 - 141, 401 = 5*v + 4*f. Suppose 11 + 9 = 4*m, 1 = b - 4*m. What is the remainder when v is divided by b?
18
Suppose 11*r = 8*r + 15. Suppose -54 = -r*b - 4*b. Calculate the remainder when 9 is divided by b.
3
Suppose -4*z + c + 54 = 0, -5*z + c + 27 = -40. Suppose -2*w = -5*l - 91, -140 = -3*w - w - 4*l. What is the remainder when w is divided by z?
12
Calculate the remainder when 29 is divided by (-1898)/(-104) - 1/4.
11
Suppose 0 = -4*x - 3*d + 2*d + 7, 3*x = 5*d + 11. Suppose 0 = -3*z + x*z + 4. Suppose 2*v - 99 = -9*v. What is the remainder when v is divided by z?
1
Let x = 189 - 70. Suppose 7*o + 0*o - x = 0. What is the remainder when 44 is divided by o?
10
Let d be (4 - 0) + -4 + 4. Suppose -s = d*s - 60. Let u(j) = j**3 + 13*j**2 + 10*j - 16. What is the remainder when s is divided by u(-12)?
4
Let t(i) = 61*i + 626. What is the remainder when 205 is divided by t(-9)?
51
Let r = -383 - -409. What is the remainder when 128 is divided by r?
24
Let x(y) = 1 + y + 14 + 13. Calculate the remainder when 39 is divided by x(-17).
6
Suppose 0 = -6*g - 120 + 312. Let u = 2 - -3. Calculate the remainder when g is divided by 17/2 + u/10.
5
Let q = 37 + -22. Let m = -10 + q. Suppose 2*h - 27 = m. What is the remainder when 30 is divided by h?
14
Let b(z) = -2*z**2 - 32*z - 18. Let t = 4 - 4. Suppose t = 4*a + a - 175. Calculate the remainder when a is divided by b(-15).
11
Suppose -2*t = 3*f - 4, 0 = 6*t - 3*t + 4*f - 7. Suppose 0 = 4*b - p - 64, -11*b = -10*b + 5*p + t. Calculate the remainder when 162 is divided by b.
12
Suppose c - 186 = -3*c - 2*f, 2*f = -3*c + 139. Suppose 2*s + 5 - 39 = -3*h, 0 = -2*h - 5*s + 30. Calculate the remainder when c is divided by h.
7
What is the remainder when 406 is divided by 69/2*(4 - 2)?
61
Suppose 0 = o + h - 95, -4*h = -2*o - 0*h + 214. Let w = 78 + -53. Calculate the remainder when o is divided by w.
24
Let f(s) be the second derivative of -s**4/12 + 11*s**3/6 - 3*s**2 + 4*s. Calculate the remainder when (69/2)/((-9)/(-12)) is divided by f(5).
22
Suppose 4*o + 4*j = 700, -3*o + 226 = j - 295. Suppose 5*y - 52 = o. Calculate the remainder when y is divided by 24.
21
Suppose 10 = 10*n - 9*n. What is the remainder when 37 is divided by n?
7
Let k be -1 + -4*12/8. Let f = k - -28. Calculate the remainder when 40 is divided by f.
19
Let x = -10 + 13. Suppose -110 = -2*u - 2*o, -5*u - 64 + 323 = -x*o. What is the remainder when 208 is divided by u?
49
Suppose 3*z - 15*o - 75 = -13*o, 3*o = -9. Calculate the remainder when 85 is divided by z.
16
Let s = -107 + 120. Suppose 11 - 57 = -2*i. Calculate the remainder when i is divided by s.
10
Let d = 1015 - 615. What is the remainder when d is divided by 58?
52
Let r(l) be the second derivative of 0 - 1/20*l**5 - 13/6*l**3 - l**4 + 5*l + 7/2*l**2. What is the remainder when r(-11) is divided by 15?
14
Suppose 6*f - 5*f = 29. Suppose -f = -2*t + 3*z, 2*t + 2*z = -z - 1. Suppose -9*i = -t*i - 24. Calculate the remainder when 47 is divided by i.
11
Let u(l) = -41*l - 444. Calculate the remainder when 51 is divided by u(-11).
2
What is the remainder when 82 is divided by (27 - 3) + 1 + -2?
13
Let v(l) = l**3 + l. Let k(z) = -4*z**2 - 3*z - 10. Let x(t) = k(t) + v(t). What is the remainder when 24 is divided by x(5)?
4
Suppose -5*x = -98 - 57. What is the remainder when 44 is divided by x?
13
Suppose -d + 2*f = -58, 5*d + 2*f - 329 = -f. What is the remainder when d is divided by 23?
18
What is the remainder when 1811 is divided by (98/(-12))/(2/(-12))?
47
Let y be 49 + (-2 + 1 - 0). What is the remainder when 34 is divided by y/5 + 3/(-5)?
7
Let u be 1*(-4)/8*-16. Suppose 4*b - 2*k = 116, 0*k = 2*k + u. Suppose b = 4*y - 1. Calculate the remainder when 18 is divided by y.
4
Let x(y) = y**2 + 7*y - 16. Let r be x(-8). What is the remainder when 42 is divided by 132/r*4/(-6)?
9
Let h(g) = 2*g - 19. Let o be h(11). Suppose -o*i - 2 = -14. Suppose -5*t + 19 = i*c - 111, c = 5*t - 105. Calculate the remainder when t is divided by 6.
4
Let x = 8 - -25. What is the remainder when 392 is divided by x?
29
Let f(r) = r**3 - 21*r**2 + 8*r - 5. Let x be f(21). Suppose 0 = -3*m + x + 176. What is the remainder when m is divided by 24?
17
Let m = 23 + -8. Suppose 7 + 5 = -4*t, t + 217 = 2*j. Suppose 27 = -2*p - 3*q + 70, -q = -4*p + j. What is the remainder when p is divided by m?
11
Suppose 3*h = -2*h + 75. Calculate the remainder when 27 is divided by h.
12
Suppose t + 5*z = 97, 0 = 3*t - z - 129 - 114. What is the remainder when 735 is divided by t?
79
Calculate the remainder when 25/((-25)/(-24)) + -5 is divided by 2.
1
Let x(a) = a**3 - a**2 - 3*a - 3. Let y be x(3). Suppose -y*d - 19 = -67. Calculate the remainder when 13 is divided by d.
5
Suppose 21547*w = 21542*w + 45. Let q = -7 + 41. Calculate the remainder when q is divided by w.
7
Let g be 4/10 + (-7)/5. Let v(x) = 6*x**2 - 1. Let c be v(g). Let s = c + 12. Calculate the remainder when 50 is divided by s.
16
Suppose 17 = 5*s + 2. Suppose -4*v = 5*v - 4*v. Suppose v + 6 = 4*z - j, 4*j - 8 = 0. What is the remainder when s is divided by z?
1
Let p = -356 - -409. Calculate the remainder when p is divided by 15.
8
Let l(p) = 6*p**3 + 25*p**2 - 4*p - 10. What is the remainder when 36 is divided by l(-4)?
14
Calculate the remainder when 37 is divided by (-2)/((-7 + 3)/8).
1
Suppose 8 - 89 = 9*g. Let z(h) = h**2 - 10*h. Let w(o) = -o**2 + o + 1. Let a(r) = -2*w(r) - z(r). Calculate the remainder when 11 is divided by a(g).
4
Suppose 4*k = -4*u + 172, -41 = -4*u + 4*k + 99. Suppose -14*w + 9*w = -50. Calculate the remainder when u is divided by w.
9
Suppose 4*j = -2*w + 64, -90 = 3*w - 6*w - 4*j. Suppose -2*k = 4*k. Suppose -d = -2*l - 5 - w, k = l. Calculate the remainder when 123 is divided by d.
30
Let a(b) = b**3 + 9*b**2 - 25*b - 10. Suppose -4*t - 3*x = -217, 0 = -0*t - 5*t - 4*x + 270. Calculate the remainder when t is divided by a(-11).
12
Let l be (-1)/((-4)/12*1). Suppose -l*d + 11 = 5. Suppose f = -d*f + 213. Calculate the remainder when f is divided by 18.
17
Suppose 0*r + 2*r = 128. Suppose -763 - 821 = -48*o. Calculate the remainder when r is divided by o.
31
Suppose 16 = 4*u - 200.